ctors of 17 - 1 - (3 - v).
3, 5
Suppose -3*i + 3*g + 2 + 1 = 0, 2*g + 8 = 4*i. What are the prime factors of 1 + i + 2*1?
2, 3
Let j = 6 - 3. Let z be 2 + 0 + 0/j. What are the prime factors of (-2 + 6)*(z - 1)?
2
Let x = -31 - -19. Let w = 21 + x. What are the prime factors of w?
3
Let l be ((-9)/(-6))/(3/6). Suppose -5*r + l*r - 78 = 0. Let o = r - -58. What are the prime factors of o?
19
Let j be 0/(1*-3 + 1). Suppose j = -v - 3*v + 8. List the prime factors of (3 - 2 - -1)*v.
2
Let o(r) = 4*r**2 + 1. Let k be o(-1). Suppose 9 = y + 3*z, -3*z = -y + 2*z + 17. Let t = y - k. What are the prime factors of t?
7
Let j(s) = -s**2 + 8*s - 4. Let q be j(7). Suppose q*h = -4*l + 32, 4*h = -2*l - l + 17. List the prime factors of l.
11
Let z = 3 - 6. Let k be 0 - z/(-6)*10. Let f(r) = -3*r - 7. List the prime factors of f(k).
2
Suppose 5*d + 34 = -2*g + 12, -3*d - 58 = 4*g. Let v be -2 - -2*(-3 - g). Suppose 4*y - 2*u = v, -5*y - 3*u = -46 + 16. What are the prime factors of y?
2, 3
Let c be 14/18 + 6/27. What are the prime factors of 20 - ((-4)/(-4))/c?
19
Suppose -99 = -3*i - 3*c, -34 + 1 = -i + 4*c. What are the prime factors of i?
3, 11
Let f(x) = x**3 + x**2 + x - 1. Let m(b) = b**3 + 4*b**2 - 2*b + 1. Let k(v) = 2*f(v) - m(v). List the prime factors of k(2).
5
Let c be (-6)/4*-4 + -4. Suppose 2*h = -c*h + 92. What are the prime factors of h?
23
Suppose -2*h - 3*h = -260. What are the prime factors of h?
2, 13
Let o(r) be the third derivative of -r**6/180 - r**5/24 - r**4/24 + r**2. Let l(t) be the second derivative of o(t). What are the prime factors of l(-4)?
11
Suppose -8 = -2*i + 2. Suppose 2*f - 1 = -5*g + 5, -i*g - 50 = -5*f. Let l = -2 + f. What are the prime factors of l?
2, 3
Let a = 3 + 58. What are the prime factors of a?
61
Let c be 1 + 1 + -1 + 219. Suppose -5*y - 5*v + c = 0, 2*y + 2*v = -y + 128. Suppose -4*f - f = -y. What are the prime factors of f?
2
Let p be (6/(-9))/((-2)/12). Suppose -44 = -p*x + w, -4*w + 64 = 2*x + 2*x. What are the prime factors of x?
2, 3
List the prime factors of 3480/70 - 2/(-7).
2, 5
Suppose -5*f = -397 - 33. What are the prime factors of f?
2, 43
Let w = -10 + 12. Suppose 0 = 2*a + 2*i - 50, 5*i = 2*a + w - 59. What are the prime factors of a?
2, 13
Let s be (6/8)/((-6)/(-24)). List the prime factors of ((-8)/20)/(s/(-15)).
2
List the prime factors of (-5)/(-1) + -10 - -279.
2, 137
Let u = -33 - -54. Let z = 8 + u. What are the prime factors of z?
29
Suppose -13*z = -4*z - 6*z. Let k = -6 + 0. What are the prime factors of (0 + 1)*(z - k)?
2, 3
Let v = 4 + -4. Suppose 5*l - l - 16 = v. Suppose 40 = l*o - 2*r, o = -o + 5*r + 36. List the prime factors of o.
2
List the prime factors of (1 - -1)/(6/561*1).
11, 17
Let n(z) = -z - 2. Let j be n(-9). Let d(q) = 3*q - 6. List the prime factors of d(j).
3, 5
Suppose -12 = -4*b + b. Suppose -d = -6*d - b*r + 107, d = -4*r + 31. List the prime factors of d.
19
Suppose 0*m + 3*m = b + 175, -3*b - 235 = -4*m. List the prime factors of m.
2, 29
Let c(m) = -m**3 + 10*m**2 - 10*m + 11. Let h be ((-12)/8)/((-2)/12). List the prime factors of c(h).
2
Suppose -5*z - 5*c + 670 = -10*c, -2*z = -3*c - 267. What are the prime factors of z?
3, 5
Let u(x) = -8*x + 106. What are the prime factors of u(-24)?
2, 149
Suppose 103 = 4*j - 97. What are the prime factors of j?
2, 5
Let g(m) = m**3 + 7*m**2 - 9*m + 8. Let t(l) = -2*l + 10. Let x be t(9). List the prime factors of g(x).
2
Suppose m + 15 = -5*z - m, 5*z + 5*m = -30. List the prime factors of 3/(4/3 + z).
3
Suppose 5*b + 15 = 5*u, -2*u - 3 = -5*u. List the prime factors of b*((-13)/2 + 0).
13
Let s = -8 + 280. List the prime factors of s.
2, 17
Let f(p) = -20*p - 5. What are the prime factors of f(-6)?
5, 23
What are the prime factors of (-1)/(-2 + 36/20)?
5
Let f(m) = 2*m - 12. Let j be f(8). List the prime factors of (6/j)/((-12)/(-16)).
2
List the prime factors of (-113 + 3)*(-1 + 1 + -1).
2, 5, 11
Let k(j) = 5*j**2 + 10*j - 14. Let q(t) = 2*t**2 + 3*t - 5. Let s(l) = 3*k(l) - 8*q(l). Let x be s(4). Let d = 8 - x. What are the prime factors of d?
2
Suppose -574 = -2*p - 2*p - w, 3*p = 2*w + 436. What are the prime factors of p?
2, 3
Let t(p) be the third derivative of -5*p**5/12 + p**4/12 + p**3/6 - p**2. Let j be t(-1). What are the prime factors of j/(-5) + 7/(-35)?
5
Let l(o) = -o**2 + 9*o - 9. Let w(i) = i**2 - 6*i - 1. Let h be w(7). Let q be l(h). Suppose -q = -2*v + 1. What are the prime factors of v?
5
Suppose 0 = 5*k + 4*a - 95, 0 = 2*k - k - 4*a - 43. What are the prime factors of k?
23
Let x(r) = -r**3 - 2*r**2 + 2*r + 1. Let p be x(-3). Suppose -5 = -3*k + p. What are the prime factors of 1*(-2)/k*-9?
2, 3
Let p(z) = 2*z**2 + z. Let y be (-30)/5 - (1 + -3). What are the prime factors of p(y)?
2, 7
Suppose -k - 34 = -2*k. Let c = k - 9. Let j = c - 15. What are the prime factors of j?
2, 5
Suppose 50 = 6*z - 4*z. List the prime factors of z.
5
Let w(u) = u**2 + 5*u + 24. What are the prime factors of w(7)?
2, 3
Suppose q - 4*q = 4*y + 5, 5*q = 3*y - 18. List the prime factors of 1 + y/(-2)*-16.
3
Let w(y) = -y**2 + 15*y - 12. What are the prime factors of w(12)?
2, 3
Suppose -4*h = -97 + 1. Let q = h + -9. Let g = q + 1. What are the prime factors of g?
2
Let f(t) = -t**2 - 47*t + 8. What are the prime factors of f(-11)?
2, 101
Let m be -3 + 5 + (1 - 1). Let i be (-428)/(-18) - m/(-9). Suppose 2*k + 2*u = 3 + 9, -4*u = -4*k + i. What are the prime factors of k?
2, 3
Let f(u) = u**2 - 7*u - 15. Let l be f(9). Suppose -l*z + 162 = 3*z. List the prime factors of z.
3
Suppose -3*l + 0*l + 49 = 2*t, -3*t + 6 = 0. What are the prime factors of l?
3, 5
Suppose 0 = -4*s + g - 75, -s + 2*g - 60 = 2*s. Let f = s + 28. Let a = f - 7. What are the prime factors of a?
3
Suppose -3*l = 2*k - 39, -16 = -4*l - 3*k + 37. What are the prime factors of l?
11
List the prime factors of -9 - -7 - (-1 - (99 + 0)).
2, 7
Suppose 0*w - 446 = -3*w + 4*u, 0 = -2*u - 4. List the prime factors of w.
2, 73
List the prime factors of (-7)/((-105)/310) + (-1)/(-3).
3, 7
Suppose 3*s - 5*s + 30 = 0. Suppose -3*j = -12 - s. List the prime factors of j.
3
Suppose -4*t + 12 + 8 = 0. Suppose 0 = 5*v + t*s - 40, 4*v - 11 - 9 = 2*s. What are the prime factors of 2 + v + (-1 - 1)?
2, 3
What are the prime factors of (-1 + 0 - 14)*140/(-21)?
2, 5
Suppose 5*l = -3*i + 62, 2*l + 55 = 3*i - 0. Let d = i - 12. Suppose 0 = -d*f + 4*f + 36. List the prime factors of f.
2, 3
Let c(t) = -t**3 - 11*t**2 - 12*t - 6. Let a = -10 + 7. Let v be (1 + a)*(3 + 2). List the prime factors of c(v).
2, 7
Suppose -324 = -14*b + 8*b. What are the prime factors of b?
2, 3
Suppose 0 = s - 4*s + 2*b + 102, -5*s = b - 183. What are the prime factors of s?
2, 3
Suppose 0 = 2*j - 7 - 5. Let m be (8/j)/(5/15). Suppose -23 = -2*l - 5*s, 3*s - 13 - m = -2*l. What are the prime factors of l?
2
Let m be (-7)/21 + (-327)/(-9). What are the prime factors of (-5)/(1 + m/(-32))?
2, 5
Suppose -9 = -2*p + u, -3*p = -0*p - u - 16. Suppose 3*h = p*h. Suppose 3*f + 44 = 2*j + 5*f, -5*f + 15 = h. List the prime factors of j.
19
Suppose -19*x - 1709 + 6744 = 0. List the prime factors of x.
5, 53
Let m = -9 - -10. Let u(q) = q**3 + q**2 - q + 1. Let z be u(m). Suppose 0 = 2*v - h - 23, 3*v + z*h = 7*h + 24. What are the prime factors of v?
13
Let m = 31 - 7. What are the prime factors of m?
2, 3
What are the prime factors of (2 - 1)*(396 + -9)?
3, 43
Suppose -2*r + 7 + 7 = 0. List the prime factors of r/2*(2 + 0).
7
Let p(o) = 2*o**2 + o - 4. Let m(g) = g + 1. Let r be m(6). Let s = -10 + r. What are the prime factors of p(s)?
11
Let v = 15 - 6. Suppose -2*a + 29 = v. List the prime factors of a.
2, 5
Suppose 5*i + 26 + 27 = 4*g, -i - 13 = -2*g. List the prime factors of 2/3 - 66/i.
2
Let v(r) = r**3 + r**2 + 12. Suppose -3*k - 3*p - 21 = -5*k, 0 = -3*k - 4*p - 11. Let g be (-12 + k)/3 - -3. List the prime factors of v(g).
2, 3
Let b be (-4)/6*(-21)/14. Let n be (b*20)/2 + -1. Suppose h = -2*h + n. List the prime factors of h.
3
Suppose -3*u + 65 = -13. Suppose 14 = 2*l - u. Suppose -28 + 97 = 4*b - d, -l = 4*d. List the prime factors of b.
2
Suppose -9 = -3*f + 27. Let a = -7 + f. List the prime factors of a.
5
Suppose 6 = 2*d + 56. Let s = -15 - d. What are the prime factors of s?
2, 5